is divided by q(-4).
11
Let h be 5/15 - (-13)/(-3). Let c = -34 + 54. Calculate the remainder when c is divided by -1 - 8/(h - -3).
6
Suppose -3*g + 30 = 3*d, 11*g - 2*d = 6*g + 71. Calculate the remainder when 35 is divided by g.
9
Let m = 7 - 3. Suppose 0*w = -w + m. What is the remainder when 22 is divided by 10 - (w + (-2 - 0))?
6
Calculate the remainder when 62 is divided by 17 - -6*(-6)/9.
10
What is the remainder when 30 is divided by (-17)/(10/5 + -3)?
13
Suppose -5*l - 3*s = -47, -2*l - 3*l - s = -49. Suppose -i - 3*i + 116 = 0. Calculate the remainder when i is divided by l.
9
Suppose 3 + 365 = 2*r. Let q = r - 125. Calculate the remainder when q is divided by 20.
19
Let i = 1 + 1. Suppose -4*k + i*k = 0. Suppose 2*t + k*t = 34. Calculate the remainder when t is divided by 6.
5
Let i(c) = 10*c + 2. What is the remainder when i(4) is divided by 11?
9
Let f(g) = g - 3 + 6*g**2 + 1 + 0*g. Suppose -h = 5*c + 7, -5*h + 4*c - 2*c + 73 = 0. Calculate the remainder when f(2) is divided by h.
11
Suppose 0 = 3*l - 8 + 5. What is the remainder when l/(-2)*5*-18 is divided by 24?
21
Suppose -5*y + 37 = -28. Let t = 2 - -1. Let p = 2 + t. Calculate the remainder when y is divided by p.
3
Let i = 12 - -10. Let h = 34 - i. Calculate the remainder when h is divided by 7.
5
Let z = 1 + 0. Calculate the remainder when (-13)/(0/3 - z) is divided by 7.
6
Calculate the remainder when 72 is divided by (6/4)/((-18)/(-228)).
15
Calculate the remainder when 44 is divided by (1/(-3) - -8)/(2/6).
21
Suppose -a + 0*a = 5*w - 33, -a - 3*w + 23 = 0. What is the remainder when 1/(-5) - (-152)/10 is divided by a?
7
Suppose 2*n + 6 = n. Let p = -4 - n. Suppose 4*j - 73 = 3*a, 4*j + 3*a - 81 = -p*a. What is the remainder when 36 is divided by j?
17
Let z = -31 - -43. What is the remainder when 41 is divided by z?
5
Suppose 2 = 4*c - 10. Suppose -2*h = c*h - 175. Let w(n) = n**3 + n**2 + n + 18. What is the remainder when h is divided by w(0)?
17
Let p(m) = -23*m - 4. Suppose -6 = -3*y, y - 24 = -2*r - 4*y. What is the remainder when p(-1) is divided by r?
5
Suppose g - 6 = -3. Calculate the remainder when (-1 - 2)/(1 - (2 + 0)) is divided by g.
0
Let n = -15 - -24. Let c = 7 + -2. Suppose -3*g + 5 = -c*k + 70, -95 = -5*k - 3*g. What is the remainder when k is divided by n?
7
Suppose -79 = -5*m + 11. What is the remainder when 33 is divided by m?
15
Let t = -65 - -110. Calculate the remainder when t is divided by ((-6)/(-4))/((-2)/(-16)).
9
Let x = -184 - -327. Let u = -100 + x. What is the remainder when u is divided by 11?
10
Suppose -4*y = -2*y - 16. Let r = 11 - y. Calculate the remainder when 7 is divided by r.
1
Suppose 4*b = 6*b - 6. Calculate the remainder when 3*13 + (0 - -1) is divided by 2/12*28*b.
12
Let b be (1/2)/(1/(-94)). Let k(j) = 5*j - 3. Let m be k(-5). Let z = m - b. Calculate the remainder when z is divided by 10.
9
Let g be 1/2 + (-10)/(-4). Let m(d) = 2*d**3 - 4*d**2 + 5*d - 2. Suppose -v = -0*v - 11. What is the remainder when m(g) is divided by v?
9
Let n be (-61724)/91 + (-4)/(-14). Let d be (6 - 1)*(-1 - -3). Calculate the remainder when n/(-30) + (-6)/d is divided by 8.
6
Let f = 22 - 15. Let h = 15 - f. Calculate the remainder when 22 is divided by h.
6
Let t(y) = -4*y**3 - 3*y**2 + 6*y + 4. Let a(s) = -2*s - 1. Let l be a(-5). Let c = l + 26. What is the remainder when c is divided by t(-2)?
11
Let s be 1 - (0/3)/(-4). Suppose j - s = -w, 2*w = 4*j - 2*j - 2. Calculate the remainder when 3 is divided by j.
0
Suppose -32 + 98 = 3*o. Calculate the remainder when 63 is divided by o.
19
Let y = -15 - -19. Calculate the remainder when 9 is divided by y.
1
Suppose 3*q - 5*b + 3*b - 6 = 0, -3*b = -5*q + 10. Suppose 3*j + 2*j - 69 = q*s, 5*j - 60 = 5*s. What is the remainder when 43 is divided by j?
13
Let t be (2/(-4))/(1/(-24)). Let p = t + -7. Calculate the remainder when 7 is divided by p.
2
Let m = -9 + 19. Suppose -w = d - m, -3*d + 58 = -2*w + 18. What is the remainder when 46 is divided by d?
10
Let g = -17 + -63. Let k = -12 + -25. Let n = k - g. What is the remainder when n is divided by 15?
13
Let n(p) = p + 4. Let z be n(-7). What is the remainder when 19 is divided by (-2)/z*15 + 0?
9
Let i be ((-18)/45)/((-1)/(-85)). Let p = -23 - i. Let n(l) = -l**3 - 4*l**2 + 4*l + 1. Calculate the remainder when p is divided by n(-5).
5
Let s = 12 + -9. Suppose 0*u = s*u - 6. Calculate the remainder when 4 is divided by u.
0
Let x(r) = r**2 - 5*r - 16. Calculate the remainder when x(8) is divided by 3.
2
Let w be (1 + 0)/((-1)/(-3)). Suppose w + 6 = s. Calculate the remainder when 16 is divided by s.
7
Let v(g) = -g - 8. Let k be v(-9). What is the remainder when k*19 - (0 + -3) is divided by 8?
6
Suppose 3*i - 7*i = -12. Suppose 6*x - r = 2*x + 59, i*x - 2*r = 48. Let b = 66 + -40. What is the remainder when b is divided by x?
12
Suppose -p = v - 5*v - 20, 0 = -5*p - 2*v + 12. Suppose -10 = -2*b + c, -p*b + 9*b + c = 25. What is the remainder when 9 is divided by b?
4
Let x = 80 + -36. Suppose 5*y - x = -4*o, -4*y + 26 = o + y. What is the remainder when o is divided by 30/35*(-28)/(-6)?
2
Let m(g) = g. Let q be m(-8). Let z = -5 - q. Suppose 0 = 5*r - 16 - 9. Calculate the remainder when r is divided by z.
2
Suppose 5*d - 72 = -5*m - 7, -3*m = -15. Suppose 170 = 5*b - 5*t, 0*b - 5*b + 2*t = -155. What is the remainder when b is divided by (-16)/(-1) - (-7 + d)?
14
Suppose -34 = -2*v + 2*h, h = -5*v + 65 - 10. Calculate the remainder when 33 is divided by v.
9
Let n = 16 + 4. Calculate the remainder when 58 is divided by n.
18
What is the remainder when 2/17 - 27981/(-153) is divided by 23?
22
Let i(b) = -1 - b**3 + 5*b - 8*b**2 + 0*b - 4*b. Let p be i(-8). Let r = p - -11. What is the remainder when 6 is divided by r?
0
Suppose 0*z + z = 33. Let u = -11 - -20. What is the remainder when z is divided by u?
6
Let g(o) = 4*o + 37. Calculate the remainder when 63 is divided by g(-6).
11
Suppose -4 + 25 = 3*y. Calculate the remainder when 23 is divided by y.
2
Suppose 12 = 16*u - 436. What is the remainder when 96 is divided by u?
12
Let h(n) = 2*n**2 + 3*n + 3. Let z(g) = g**2 - g - 4. What is the remainder when h(-2) is divided by z(3)?
1
Suppose 0 = 3*p - 6, -4*l - 3*p + 2*p = -338. Calculate the remainder when l is divided by 29.
26
Suppose 400 = 3*a + 7*a. Let g(i) = 21*i. What is the remainder when a is divided by g(1)?
19
Suppose -5*w - 88 = -7*w. Suppose 3*l + 2 = -z, -l = z - 5*z + w. Suppose -4*h = -h - 12, 207 = 5*j + 3*h. What is the remainder when j is divided by z?
9
Suppose -3*b - 3*o = o - 22, o = -2. Calculate the remainder when b is divided by 6.
4
Let j = -34 - -25. Calculate the remainder when 53 is divided by (-11 - j)*9/(-2).
8
Calculate the remainder when 160/(-24)*(-4)/(-10)*-3 is divided by 7.
1
Suppose -4*u = -0*u. Suppose 20 = 2*m - u*m. Calculate the remainder when 18 is divided by m.
8
Suppose 4*d - 4*k + 7*k = 12, 3*k = -d - 6. Let s = -1 - -5. Calculate the remainder when d is divided by s.
2
Let d = 7 + 18. Suppose 41 = -n + 49. What is the remainder when d + (4 - 2)*-1 is divided by n?
7
Let o = -27 - -45. Suppose 46 - o = 4*u. What is the remainder when u is divided by 4?
3
Suppose -5*c + 5 = -10. Let v(f) = f**3 - 12*f**2 - 10*f - 32. What is the remainder when v(13) is divided by c?
1
Suppose p = -4*p + 15. Suppose 5*k + p = 8. What is the remainder when k is divided by (-11)/(-9) + (-6)/27?
0
Suppose b = 3*i - 4, -3 + 2 = -2*b + 3*i. Suppose b*x - x = 128. Calculate the remainder when 95 is divided by x.
31
Suppose 12 = -o + 3*o. Let s = 35 + -18. Calculate the remainder when s is divided by o.
5
Suppose 5*l = -y + 43, 3*y + 5*l - 115 = -2*y. Suppose m = -4*m + 15. Suppose w = -m*i, 4*w = -w + 3*i + y. Calculate the remainder when 8 is divided by w.
2
Suppose y - 3*y + 30 = 0. What is the remainder when 41 is divided by y?
11
Suppose 15 = 3*d - 42. Calculate the remainder when d is divided by 5.
4
Let u(r) = -95*r**3 + 1. Let j be u(-1). Suppose 3*i + j = 2*p, 2*p - 3*p + 2*i + 47 = 0. What is the remainder when p is divided by 18?
15
Suppose 5*b = -s - 78, 2*b - 2*s - 3 = -39. Calculate the remainder when -3*2*b/6 is divided by 6.
4
Let q(h) = -4*h - 2. Let w(m) = 5*m**3 - 5*m - 2. Let y be w(4). Calculate